{"id":16,"date":"2014-06-23T20:32:46","date_gmt":"2014-06-23T18:32:46","guid":{"rendered":"http:\/\/xn--bernhardstber-kfb.de\/?page_id=16"},"modified":"2021-06-03T20:53:13","modified_gmt":"2021-06-03T18:53:13","slug":"rezensionen","status":"publish","type":"page","link":"http:\/\/xn--bernhardstber-kfb.de\/?page_id=16","title":{"rendered":"I Rezensionen"},"content":{"rendered":"<p><strong>Rezensionen zu meinem Norwegenthriller &#8220;Raubtierstadt&#8221;:<\/strong><\/p>\n<p><a href=\"http:\/\/xn--bernhardstber-kfb.de\/wp-content\/uploads\/2019\/11\/9783862826506.jpg\"><img loading=\"lazy\" decoding=\"async\" class=\"aligncenter size-medium wp-image-217\" src=\"http:\/\/xn--bernhardstber-kfb.de\/wp-content\/uploads\/2019\/11\/9783862826506-190x300.jpg\" alt=\"\" width=\"190\" height=\"300\" srcset=\"http:\/\/xn--bernhardstber-kfb.de\/wp-content\/uploads\/2019\/11\/9783862826506-190x300.jpg 190w, http:\/\/xn--bernhardstber-kfb.de\/wp-content\/uploads\/2019\/11\/9783862826506-768x1212.jpg 768w, http:\/\/xn--bernhardstber-kfb.de\/wp-content\/uploads\/2019\/11\/9783862826506-649x1024.jpg 649w, http:\/\/xn--bernhardstber-kfb.de\/wp-content\/uploads\/2019\/11\/9783862826506.jpg 1571w\" sizes=\"auto, (max-width: 190px) 100vw, 190px\" \/><\/a><\/p>\n<p><a href=\"https:\/\/www.buechertreff.de\/forum\/thread\/108830-bernhard-staeber-raubtierstadt\/\">B\u00fccherTreff.de:<\/a><\/p>\n<p>&#8220;Raubtierstadt&#8221; ist f\u00fcr mich nicht nur die \u00dcberraschung des Jahres, sondern z\u00e4hlt auch deutlich zu meinen Jahreshighlights. Ich habe bisher kaum ein Buch gelesen, das Gef\u00fchle, Sinneseindr\u00fccke und Verhaltensweisen so exakt und eindringlich wiedergibt, wie hier. Dadurch habe ich die Handlung auf eine ganz neue Weise erlebt.<\/p>\n<p><a href=\"https:\/\/tiiundanaskleineb\u00fccherwelt.de\/2019\/11\/raubtierstadt-von-bernhard-staeber\/?cn-reloaded=1\">Tii und Anas kleine B\u00fccherwelt: <\/a><\/p>\n<p>&#8220;Sara ist die, die uns durch die Story f\u00fchrt. Als Ich-Erz\u00e4hlung erfahren wir St\u00fcck um St\u00fcck, worum es in der Geschichte geht. &#8230; Raubtierstadt vom Bernhard St\u00e4ber bekommt von mir 4,5 von 5 m\u00f6glichen Punkten und erh\u00e4lt eine klare Empfehlung f\u00fcr alle Leser, denen Stimmung und Spannung wichtiger sind als blutige Highlights.&#8221;<\/p>\n<p><strong><a href=\"http:\/\/xn--bernhardstber-kfb.de\/wp-content\/uploads\/2014\/06\/Ohne-Titel.jpg\"><img loading=\"lazy\" decoding=\"async\" class=\"aligncenter  wp-image-178\" src=\"http:\/\/xn--bernhardstber-kfb.de\/wp-content\/uploads\/2014\/06\/Ohne-Titel-300x149.jpg\" alt=\"Ohne Titel\" width=\"445\" height=\"221\" srcset=\"http:\/\/xn--bernhardstber-kfb.de\/wp-content\/uploads\/2014\/06\/Ohne-Titel-300x149.jpg 300w, http:\/\/xn--bernhardstber-kfb.de\/wp-content\/uploads\/2014\/06\/Ohne-Titel-1024x509.jpg 1024w\" sizes=\"auto, (max-width: 445px) 100vw, 445px\" \/><\/a><\/strong><\/p>\n<p><strong>Hier finden sich links zu Rezensionen meines Romans &#8220;Vaters unbekanntes Land&#8221;:<\/strong><\/p>\n<p><strong>Ausschnitte aus den Rezensionen auf <a href=\"http:\/\/www.amazon.de\/product-reviews\/B00JQQPDVU\/ref=pd_sim_351_cr_1?ie=UTF8&amp;refRID=1A16WQ9V947PTFRHNGTC\" target=\"_blank\" rel=\"noopener\">Amazon<\/a>:<\/strong><\/p>\n<p><span style=\"line-height: 1.5;\">&#8220;Fazit: \u201eVaters unbekanntes Land\u201c verspricht spannende und atmosph\u00e4rische Unterhaltung vor der faszinierenden Kulisse Norwegens. Bitte mehr davon!&#8221;<\/span><\/p>\n<p><span style=\"line-height: 1.5;\">&#8220;Mit viel Liebe zur Tiefe, einem Antihelden mit eigenen Problemen und einem Schreibstil, der dem Leser die sagenhafte Landschaft Norwegens f\u00f6rmlich vors geistige Auge malt, ist dieser Thriller eine der besten Kombinationen aus Thriller und Tiefgang, die ich bisher lesen durfte. Und ganz nebenbei geht der Tripp nicht nur durch winterliche Landschaft und psychologische Abgr\u00fcnde, sondern auch in eine Welt der Mystik und Tradition.&#8221;<\/span><\/p>\n<p>&#8220;Sehr spannender und psychologisch angehauchter Krimi, der in Norwegen spielt, der sehr schl\u00fcssig ist und mit sehr sympathischen Protagonisten besetzt ist. Ein packender Thriller, von dem ich gern mehr m\u00f6chte.&#8221;<\/p>\n<p><strong style=\"line-height: 1.5;\">Ausschnitte aus den Rezensionen auf der Seite von <a href=\"http:\/\/www.lovelybooks.de\/autor\/Bernhard-St%C3%A4ber\/Vaters-unbekanntes-Land-1112049625-w\/\" target=\"_blank\" rel=\"noopener\">LovelyBooks<\/a>:<\/strong><\/p>\n<p>&#8220;Ein vielversprechender erster Teil einer Ermittlerreihe, den ich unheimlich gern gelesen habe. Ich freue mich schon auf das Erscheinen von &#8220;Kalt wie Nordlicht&#8221; und kann dieses Buch nur uneingeschr\u00e4nkt empfehlen. Absolut lesenswert!&#8221;<\/p>\n<p><span style=\"line-height: 1.5;\">&#8220;Vaters unbekanntes Land ist ein spannender Thriller und gleichzeitig eine Familientrag\u00f6die. Eine tragische Geschichte \u00fcber Untreue, Scham, Hass &#8211; Rache und Vergeltung. Atmosph\u00e4risch so bestechend, dass man sofort nach Norwegen reisen m\u00f6chte. Wer gerne Thriller mit psychologischem Tiefgang liest, ist mit diesem Buch sicher gut beraten. Auch Norwegen-Fans d\u00fcrften auf ihre Kosten kommen.&#8221;<\/span><\/p>\n<p><span style=\"line-height: 1.5;\">34 angenehm kurze und fesselnde Kapitel, verteilt auf 405 Seiten haben mich in ihren Bann gezogen und nicht mehr losgelassen. Der Spannungsbogen zog sich von der ersten bis zur letzten Seiten hin straff. Die Charaktere sind glaubhaft dargestellt, der Thrillerteil bildet einen interessanten Kern der Geschichte, ist schl\u00fcssig und wartet mit einigen \u00dcberraschungen auf.<\/span><\/p>\n<p>&#8220;F\u00fcr Leser skandinavischer Krimi und Thriller ein MUSS!&#8221;<\/p>\n<p><strong>Rezension des <a href=\"http:\/\/www.geisterspiegel.de\/?p=25903#more-25903\" target=\"_blank\" rel=\"noopener\">&#8220;Geisterspiegel&#8221;<\/a><\/strong><\/p>\n<p><strong>Rezension auf\u00a0<a href=\"http:\/\/blog.beastybabe.de\/?p=1175\" target=\"_blank\" rel=\"noopener\">BeastyBabes B\u00fccher<\/a><\/strong><\/p>\n<p><strong>Rezension auf\u00a0<a href=\"http:\/\/nicigirl85.blogspot.no\/2015\/08\/rezension-bernhard-staber.html\" target=\"_blank\" rel=\"noopener\">nicigirl85s welt\u00a0<\/a><\/strong><\/p>\n<p><strong>Rezension auf\u00a0<a href=\"http:\/\/www.literaturlounge.eu\/category\/verlage\/egmont-lyx\/\" target=\"_blank\" rel=\"noopener\">LiteraturLounge<\/a><\/strong><\/p>\n<p><strong>Rezension des <a href=\"http:\/\/phantanews.de\/wp\/wp-content\/uploads\/2014\/12\/buecherbrief613november2014.pdf\" target=\"_blank\" rel=\"noopener\">Phantastischen B\u00fccherbriefs<\/a> vom November 2014, Seite 30<\/strong><\/p>\n<p><strong>Rezension auf <a href=\"http:\/\/culturmag.de\/rubriken\/buecher\/hugo-bettauer-bernhard-staeber-daniel-suarez\/85996\" target=\"_blank\" rel=\"noopener\">CulturMag<\/a><\/strong><\/p>\n<h1 class=\"title\"><\/h1>\n","protected":false},"excerpt":{"rendered":"<p>Rezensionen zu meinem Norwegenthriller &#8220;Raubtierstadt&#8221;: B\u00fccherTreff.de: &#8220;Raubtierstadt&#8221; ist f\u00fcr mich nicht nur die \u00dcberraschung des Jahres, sondern z\u00e4hlt auch deutlich zu meinen Jahreshighlights. Ich habe bisher kaum ein Buch gelesen, das Gef\u00fchle, Sinneseindr\u00fccke und Verhaltensweisen so exakt und eindringlich wiedergibt, &hellip; <a href=\"http:\/\/xn--bernhardstber-kfb.de\/?page_id=16\">Continue reading <span class=\"meta-nav\">&rarr;<\/span><\/a><\/p>\n","protected":false},"author":1,"featured_media":0,"parent":0,"menu_order":3,"comment_status":"closed","ping_status":"closed","template":"","meta":{"footnotes":""},"class_list":["post-16","page","type-page","status-publish","hentry"],"_links":{"self":[{"href":"http:\/\/xn--bernhardstber-kfb.de\/index.php?rest_route=\/wp\/v2\/pages\/16","targetHints":{"allow":["GET"]}}],"collection":[{"href":"http:\/\/xn--bernhardstber-kfb.de\/index.php?rest_route=\/wp\/v2\/pages"}],"about":[{"href":"http:\/\/xn--bernhardstber-kfb.de\/index.php?rest_route=\/wp\/v2\/types\/page"}],"author":[{"embeddable":true,"href":"http:\/\/xn--bernhardstber-kfb.de\/index.php?rest_route=\/wp\/v2\/users\/1"}],"replies":[{"embeddable":true,"href":"http:\/\/xn--bernhardstber-kfb.de\/index.php?rest_route=%2Fwp%2Fv2%2Fcomments&post=16"}],"version-history":[{"count":10,"href":"http:\/\/xn--bernhardstber-kfb.de\/index.php?rest_route=\/wp\/v2\/pages\/16\/revisions"}],"predecessor-version":[{"id":259,"href":"http:\/\/xn--bernhardstber-kfb.de\/index.php?rest_route=\/wp\/v2\/pages\/16\/revisions\/259"}],"wp:attachment":[{"href":"http:\/\/xn--bernhardstber-kfb.de\/index.php?rest_route=%2Fwp%2Fv2%2Fmedia&parent=16"}],"curies":[{"name":"wp","href":"https:\/\/api.w.org\/{rel}","templated":true}]}}

<p><strong>Rezensionen zu meinem Norwegenthriller &#8220;Raubtierstadt&#8221;:</strong></p>
<p><a href="http://xn--bernhardstber-kfb.de/wp-content/uploads/2019/11/9783862826506.jpg"><img loading="lazy" decoding="async" class="aligncenter size-medium wp-image-217" src="http://xn--bernhardstber-kfb.de/wp-content/uploads/2019/11/9783862826506-190x300.jpg" alt="" width="190" height="300" srcset="http://xn--bernhardstber-kfb.de/wp-content/uploads/2019/11/9783862826506-190x300.jpg 190w, http://xn--bernhardstber-kfb.de/wp-content/uploads/2019/11/9783862826506-768x1212.jpg 768w, http://xn--bernhardstber-kfb.de/wp-content/uploads/2019/11/9783862826506-649x1024.jpg 649w, http://xn--bernhardstber-kfb.de/wp-content/uploads/2019/11/9783862826506.jpg 1571w" sizes="auto, (max-width: 190px) 100vw, 190px" /></a></p>
<p><a href="https://www.buechertreff.de/forum/thread/108830-bernhard-staeber-raubtierstadt/">BücherTreff.de:</a></p>
<p>&#8220;Raubtierstadt&#8221; ist für mich nicht nur die Überraschung des Jahres, sondern zählt auch deutlich zu meinen Jahreshighlights. Ich habe bisher kaum ein Buch gelesen, das Gefühle, Sinneseindrücke und Verhaltensweisen so exakt und eindringlich wiedergibt, wie hier. Dadurch habe ich die Handlung auf eine ganz neue Weise erlebt.</p>
<p><a href="https://tiiundanaskleinebücherwelt.de/2019/11/raubtierstadt-von-bernhard-staeber/?cn-reloaded=1">Tii und Anas kleine Bücherwelt: </a></p>
<p>&#8220;Sara ist die, die uns durch die Story führt. Als Ich-Erzählung erfahren wir Stück um Stück, worum es in der Geschichte geht. &#8230; Raubtierstadt vom Bernhard Stäber bekommt von mir 4,5 von 5 möglichen Punkten und erhält eine klare Empfehlung für alle Leser, denen Stimmung und Spannung wichtiger sind als blutige Highlights.&#8221;</p>
<p><strong><a href="http://xn--bernhardstber-kfb.de/wp-content/uploads/2014/06/Ohne-Titel.jpg"><img loading="lazy" decoding="async" class="aligncenter  wp-image-178" src="http://xn--bernhardstber-kfb.de/wp-content/uploads/2014/06/Ohne-Titel-300x149.jpg" alt="Ohne Titel" width="445" height="221" srcset="http://xn--bernhardstber-kfb.de/wp-content/uploads/2014/06/Ohne-Titel-300x149.jpg 300w, http://xn--bernhardstber-kfb.de/wp-content/uploads/2014/06/Ohne-Titel-1024x509.jpg 1024w" sizes="auto, (max-width: 445px) 100vw, 445px" /></a></strong></p>
<p><strong>Hier finden sich links zu Rezensionen meines Romans &#8220;Vaters unbekanntes Land&#8221;:</strong></p>
<p><strong>Ausschnitte aus den Rezensionen auf <a href="http://www.amazon.de/product-reviews/B00JQQPDVU/ref=pd_sim_351_cr_1?ie=UTF8&amp;refRID=1A16WQ9V947PTFRHNGTC" target="_blank" rel="noopener">Amazon</a>:</strong></p>
<p><span style="line-height: 1.5;">&#8220;Fazit: „Vaters unbekanntes Land“ verspricht spannende und atmosphärische Unterhaltung vor der faszinierenden Kulisse Norwegens. Bitte mehr davon!&#8221;</span></p>
<p><span style="line-height: 1.5;">&#8220;Mit viel Liebe zur Tiefe, einem Antihelden mit eigenen Problemen und einem Schreibstil, der dem Leser die sagenhafte Landschaft Norwegens förmlich vors geistige Auge malt, ist dieser Thriller eine der besten Kombinationen aus Thriller und Tiefgang, die ich bisher lesen durfte. Und ganz nebenbei geht der Tripp nicht nur durch winterliche Landschaft und psychologische Abgründe, sondern auch in eine Welt der Mystik und Tradition.&#8221;</span></p>
<p>&#8220;Sehr spannender und psychologisch angehauchter Krimi, der in Norwegen spielt, der sehr schlüssig ist und mit sehr sympathischen Protagonisten besetzt ist. Ein packender Thriller, von dem ich gern mehr möchte.&#8221;</p>
<p><strong style="line-height: 1.5;">Ausschnitte aus den Rezensionen auf der Seite von <a href="http://www.lovelybooks.de/autor/Bernhard-St%C3%A4ber/Vaters-unbekanntes-Land-1112049625-w/" target="_blank" rel="noopener">LovelyBooks</a>:</strong></p>
<p>&#8220;Ein vielversprechender erster Teil einer Ermittlerreihe, den ich unheimlich gern gelesen habe. Ich freue mich schon auf das Erscheinen von &#8220;Kalt wie Nordlicht&#8221; und kann dieses Buch nur uneingeschränkt empfehlen. Absolut lesenswert!&#8221;</p>
<p><span style="line-height: 1.5;">&#8220;Vaters unbekanntes Land ist ein spannender Thriller und gleichzeitig eine Familientragödie. Eine tragische Geschichte über Untreue, Scham, Hass &#8211; Rache und Vergeltung. Atmosphärisch so bestechend, dass man sofort nach Norwegen reisen möchte. Wer gerne Thriller mit psychologischem Tiefgang liest, ist mit diesem Buch sicher gut beraten. Auch Norwegen-Fans dürften auf ihre Kosten kommen.&#8221;</span></p>
<p><span style="line-height: 1.5;">34 angenehm kurze und fesselnde Kapitel, verteilt auf 405 Seiten haben mich in ihren Bann gezogen und nicht mehr losgelassen. Der Spannungsbogen zog sich von der ersten bis zur letzten Seiten hin straff. Die Charaktere sind glaubhaft dargestellt, der Thrillerteil bildet einen interessanten Kern der Geschichte, ist schlüssig und wartet mit einigen Überraschungen auf.</span></p>
<p>&#8220;Für Leser skandinavischer Krimi und Thriller ein MUSS!&#8221;</p>
<p><strong>Rezension des <a href="http://www.geisterspiegel.de/?p=25903#more-25903" target="_blank" rel="noopener">&#8220;Geisterspiegel&#8221;</a></strong></p>
<p><strong>Rezension auf <a href="http://blog.beastybabe.de/?p=1175" target="_blank" rel="noopener">BeastyBabes Bücher</a></strong></p>
<p><strong>Rezension auf <a href="http://nicigirl85.blogspot.no/2015/08/rezension-bernhard-staber.html" target="_blank" rel="noopener">nicigirl85s welt </a></strong></p>
<p><strong>Rezension auf <a href="http://www.literaturlounge.eu/category/verlage/egmont-lyx/" target="_blank" rel="noopener">LiteraturLounge</a></strong></p>
<p><strong>Rezension des <a href="http://phantanews.de/wp/wp-content/uploads/2014/12/buecherbrief613november2014.pdf" target="_blank" rel="noopener">Phantastischen Bücherbriefs</a> vom November 2014, Seite 30</strong></p>
<p><strong>Rezension auf <a href="http://culturmag.de/rubriken/buecher/hugo-bettauer-bernhard-staeber-daniel-suarez/85996" target="_blank" rel="noopener">CulturMag</a></strong></p>
<h1 class="title"></h1>

<p>Rezensionen zu meinem Norwegenthriller &#8220;Raubtierstadt&#8221;: BücherTreff.de: &#8220;Raubtierstadt&#8221; ist für mich nicht nur die Überraschung des Jahres, sondern zählt auch deutlich zu meinen Jahreshighlights. Ich habe bisher kaum ein Buch gelesen, das Gefühle, Sinneseindrücke und Verhaltensweisen so exakt und eindringlich wiedergibt, &hellip; <a href="http://xn--bernhardstber-kfb.de/?page_id=16">Continue reading <span class="meta-nav">&rarr;</span></a></p>
